ulate the remainder when 49 is divided by 19.
11
Calculate the remainder when 353 is divided by 71.
69
Calculate the remainder when 6454 is divided by 2141.
31
What is the remainder when 749 is divided by 58?
53
What is the remainder when 773 is divided by 197?
182
Calculate the remainder when 45 is divided by 25.
20
Calculate the remainder when 425 is divided by 143.
139
What is the remainder when 103 is divided by 43?
17
Calculate the remainder when 1599 is divided by 133.
3
What is the remainder when 1582 is divided by 94?
78
What is the remainder when 1501 is divided by 33?
16
What is the remainder when 1212 is divided by 51?
39
What is the remainder when 1391 is divided by 32?
15
Calculate the remainder when 2467 is divided by 95.
92
Calculate the remainder when 616 is divided by 62.
58
Calculate the remainder when 686 is divided by 115.
111
Calculate the remainder when 224 is divided by 21.
14
Calculate the remainder when 7521 is divided by 36.
33
What is the remainder when 75 is divided by 41?
34
Calculate the remainder when 144 is divided by 62.
20
What is the remainder when 152 is divided by 80?
72
What is the remainder when 66 is divided by 27?
12
What is the remainder when 223 is divided by 11?
3
What is the remainder when 273 is divided by 25?
23
Calculate the remainder when 308 is divided by 20.
8
What is the remainder when 417 is divided by 118?
63
Calculate the remainder when 85 is divided by 44.
41
What is the remainder when 96 is divided by 48?
0
What is the remainder when 38 is divided by 5?
3
What is the remainder when 643 is divided by 23?
22
What is the remainder when 71 is divided by 12?
11
What is the remainder when 2162 is divided by 204?
122
Calculate the remainder when 166 is divided by 83.
0
What is the remainder when 52 is divided by 15?
7
What is the remainder when 154 is divided by 13?
11
What is the remainder when 12527 is divided by 67?
65
What is the remainder when 35214 is divided by 117?
114
What is the remainder when 76 is divided by 27?
22
Calculate the remainder when 454 is divided by 39.
25
Calculate the remainder when 222 is divided by 50.
22
What is the remainder when 4575 is divided by 2287?
1
Calculate the remainder when 242 is divided by 69.
35
What is the remainder when 136006 is divided by 36?
34
What is the remainder when 769 is divided by 78?
67
What is the remainder when 247 is divided by 104?
39
What is the remainder when 34 is divided by 13?
8
Calculate the remainder when 289 is divided by 177.
112
What is the remainder when 165 is divided by 4?
1
Calculate the remainder when 26008 is divided by 85.
83
What is the remainder when 2750 is divided by 21?
20
What is the remainder when 726 is divided by 10?
6
Calculate the remainder when 121 is divided by 35.
16
What is the remainder when 174 is divided by 61?
52
What is the remainder when 44782 is divided by 311?
309
Calculate the remainder when 2335 is divided by 777.
4
Calculate the remainder when 75 is divided by 69.
6
What is the remainder when 6163 is divided by 27?
7
What is the remainder when 171 is divided by 100?
71
Calculate the remainder when 1050 is divided by 33.
27
Calculate the remainder when 1734 is divided by 145.
139
Calculate the remainder when 151 is divided by 31.
27
Calculate the remainder when 8921 is divided by 2968.
17
Calculate the remainder when 229 is divided by 46.
45
What is the remainder when 7597 is divided by 131?
130
What is the remainder when 125 is divided by 100?
25
What is the remainder when 249 is divided by 4?
1
What is the remainder when 3218 is divided by 28?
26
What is the remainder when 285 is divided by 62?
37
Calculate the remainder when 2975 is divided by 165.
5
What is the remainder when 148 is divided by 10?
8
What is the remainder when 26 is divided by 25?
1
What is the remainder when 15045 is divided by 36?
33
What is the remainder when 754 is divided by 184?
18
What is the remainder when 4794 is divided by 64?
58
What is the remainder when 334 is divided by 85?
79
Calculate the remainder when 1105 is divided by 515.
75
Calculate the remainder when 84 is divided by 80.
4
What is the remainder when 1691 is divided by 7?
4
What is the remainder when 1671 is divided by 8?
7
Calculate the remainder when 4486 is divided by 6.
4
Calculate the remainder when 93 is divided by 16.
13
Calculate the remainder when 2196 is divided by 25.
21
What is the remainder when 101 is divided by 36?
29
What is the remainder when 192 is divided by 13?
10
What is the remainder when 1571 is divided by 63?
59
Calculate the remainder when 274 is divided by 94.
86
What is the remainder when 3418 is divided by 15?
13
What is the remainder when 269 is divided by 64?
13
What is the remainder when 3984 is divided by 332?
0
Calculate the remainder when 8733 is divided by 47.
38
What is the remainder when 271 is divided by 78?
37
What is the remainder when 5770 is divided by 1921?
7
Calculate the remainder when 584 is divided by 28.
24
What is the remainder when 529 is divided by 89?
84
Calculate the remainder when 711 is divided by 208.
87
What is the remainder when 309 is divided by 74?
13
Calculate the remainder when 520 is divided by 99.
25
Calculate the remainder when 26 is divided by 9.
8
What is the remainder when 1181 is divided by 211?
126
What is the remainder when 4657 is divided by 34?
33
What is the remainder when 10876 is divided by 98?
96
Calculate the remainder when 678 is divided by 34.
32
What is the remainder when 1178 is divided by 342?
152
Calculate the remainder when 1482 is divided by 305.
262
What is the remainder when 120 is divided by 41?
38
Calculate the remainder when 45 is divided by 11.
1
Calculate the remainder when 3019 is divided by 56.
51
What is the remainder when 474 is divided by 34?
32
What is the remainder when 21 is divided by 5?
1
Calculate the remainder when 2705 is divided by 66.
65
What is the remainder when 339 is divided by 63?
24
Calculate the remainder when 1142 is divided by 8.
6
What is the remainder when 1094 is divided by 50?
44
What is the remainder when 399 is divided by 29?
22
Calculate the remainder when 3120 is divided by 17.
9
Calculate the remainder when 1410 is divided by 142.
132
Calculate the remainder when 62 is divided by 16.
14
Calculate the remainder when 373 is divided by 34.
33
Calculate the remainder when 308 is divided by 4.
0
What is the remainder when 329 is divided by 206?
123
What is the remainder when 710 is divided by 24?
14
Calculate the remainder when 3210 is divided by 535.
0
Calculate the remainder when 450 is divided by 149.
3
Calculate the remainder when 449 is divided by 92.
81
Calculate the remainder when 1022 is divided by 16.
14
Calculate the remainder when 780 is divided by 602.
178
Calculate the remainder when 54 is divided by 29.
25
What is the remainder when 239 is divided by 10?
9
Calculate the remainder when 369 is divided by 347.
22
Calculate the remainder when 1126 is divided by 326.
148
What is the remainder when 853 is divided by 22?
17
What is the remainder when 530 is divided by 144?
98
What is the remainder when 208 is divided by 37?
23
What is the remainder when 273 is divided by 20?
13
What is the remainder when 1617 is divided by 149?
127
What is the remainder when 766 is divided by 25?
16
Calculate the remainder when 192 is divided by 52.
36
Calculate the remainder when 24 is divided by 10.
4
What is the remainder when 642 is divided by 81?
75
Calculate the remainder when 891 is divided by 57.
36
What is the remainder when 17684 is divided by 27?
26
Calculate the remainder when 12392 is divided by 26.
16
What is the remainder when 265 is divided by 131?
3
What is the remainder when 1000 is divided by 4?
0
What is the remainder when 4960 is divided by 17?
13
Calculate the remainder when 182 is divided by 21.
14
What is the remainder when 75 is divided by 39?
36
Calculate the remainder when 2205 is divided by 92.
89
What is the remainder when 41 is divided by 7?
6
Calculate the remainder when 7278 is divided by 56.
54
Calculate the remainder when 139 is divided by 28.
27
What is the remainder when 19 is divided by 4?
3
Calculate the remainder when 950 is divided by 119.
117
What is the remainder when 1142 is divided by 88?
86
C